p + 21. Let j be -4 + 2 + -1 - -10. Calculate the remainder when 174 is divided by z(j).
34
Let s(x) = -x - 10. Let m be s(-12). Let r(p) = 2*p**3 - 6*p**2 + 7*p - 3. Calculate the remainder when r(3) is divided by (7 + 0)*(-1 + m).
4
Let y(m) = -9*m**3 + m**2 - m + 1. Let h be y(1). Let r = -40 + 82. What is the remainder when r is divided by (-2)/h - (-413)/28?
12
What is the remainder when 32 is divided by ((-28)/(-3))/((-2)/(-3) - 0)?
4
Let x = -195 + 213. Calculate the remainder when 179 is divided by x.
17
Suppose -16*r + 745 = -471. What is the remainder when r is divided by 25?
1
Let t = -1337 + 1368. What is the remainder when 168 is divided by t?
13
Let d(h) = 18*h - 153. Calculate the remainder when d(33) is divided by 142.
15
Let q(a) = a**2 + 11. Suppose -4*g - 36 = 4*d, 5*g + 37 = -0*g - 3*d. Calculate the remainder when q(g) is divided by 20.
16
Suppose p = 3*f - 2*p + 18, 3*f = 2*p - 17. Let d(m) = -3*m - 4. Suppose -9*b = 4 - 67. What is the remainder when d(f) is divided by b?
4
Let o(l) = l**2 + 6*l + 5. Let p be o(-10). Let y = p + 72. Suppose 0 = 4*t - 5*f - y - 26, 3*t - 5*f = 106. What is the remainder when t is divided by 10?
7
Let r(p) = -p**3 - p**2 + 2*p - 1. Let g(s) = -223*s - 31. Calculate the remainder when g(-1) is divided by r(-4).
36
Suppose -2*f - n = -5*n + 56, 2*f + 32 = -2*n. Let c(l) = -42*l - 1. Let t be c(-2). Let g = t + f. Calculate the remainder when g is divided by 22.
19
Suppose 3*j - 28 = 137. What is the remainder when j is divided by ((-292)/(-219))/(2/21)?
13
Suppose 5*o = 3*d + 36, 3*o + 4*d - 10 = -0*o. Calculate the remainder when 9 is divided by (o/4)/((-2)/(-8)).
3
Suppose -i - 4*p + 0*p - 4 = 0, 5*i + 89 = 3*p. Let r = 24 + i. What is the remainder when 38 is divided by r?
6
Let d(t) = t - 10. Let c be d(-9). Let x = 40 + c. What is the remainder when ((-91)/x)/(1/(-3)) is divided by 5?
3
Calculate the remainder when ((-188)/(-20) - 21/(-35))*47 is divided by 4.
2
Suppose -5*f + f + 16 = 0, -5*w + 280 = -5*f. Let r(a) = -2*a - 8. Let d be r(-6). Suppose -d*v + 26 = -10. Calculate the remainder when w is divided by v.
6
Suppose 0 = -5*x, 3*x + 69 + 101 = 5*t. Calculate the remainder when t is divided by 25.
9
Let h(j) = 45*j. Let k(t) = 153*t + 943. What is the remainder when h(1) is divided by k(-6)?
20
Let t(v) = -1 - 6 + 0*v**2 + 2*v + v**2 - v**3 - 4*v**2. Calculate the remainder when t(-5) is divided by 12.
9
Let z be (-12)/8*(-50)/(-15). Let t = z + 8. Suppose 40 = 4*o - 4*d, o + 4 = -3*d - 6. Calculate the remainder when o is divided by t.
2
Let o(h) = -3*h + 21. Let l be o(6). Suppose 0 = -l*f + 7*f - 36. Calculate the remainder when 16 is divided by f.
7
Suppose j - n - 14 = 0, 3*j + 3*n - 50 = -2. Let t(s) = 12*s**2 - 4*s + 2. What is the remainder when t(2) is divided by j?
12
Let y(p) = 39*p - 28. Calculate the remainder when y(1) is divided by 3/2*(-28)/(-6).
4
Calculate the remainder when (-6)/8 + (-51)/(-4) is divided by 6.
0
Let y = 342 + -286. What is the remainder when 192 is divided by y?
24
Let z(v) = 48*v + 428. What is the remainder when z(-6) is divided by 85?
55
Suppose y + 1 = 31. Let f = 57 - y. Let o = 1 + f. What is the remainder when o is divided by 10?
8
Let w = -125 + 124. Calculate the remainder when (2 + w)*(-145)/(-5) is divided by 15.
14
Let j(y) = -y**2 - 13*y - 5. Let g be j(-5). Suppose 0 = 37*a - g*a - 60. What is the remainder when 59 is divided by a?
29
Suppose -k = 4 - 12. Let q = -75 - -76. What is the remainder when ((-1)/(-2))/(3*q/78) is divided by k?
5
Let i(t) be the first derivative of t**3/3 + 9*t**2/2 - 8*t - 6. Calculate the remainder when 6 is divided by i(-10).
0
Suppose -4*p + 20 = -5*l, -2*p - 3*l = l + 16. Suppose 3*k = j + 8, p*j - 4*j + 8 = -2*k. Calculate the remainder when 13 is divided by j.
1
What is the remainder when 120/30*(-273)/(-4) is divided by 36?
21
Suppose 0 = -s + 4*g + 10 + 11, -4*s + 164 = 4*g. Let t = -21 + s. Let r = 16 + 31. What is the remainder when r is divided by t?
15
Suppose -21*o = -22*o - 21. Let j = 45 + o. Calculate the remainder when j is divided by 7.
3
Suppose -4*h + 2*o - 22 = -3*o, -5*h - 5*o - 5 = 0. Let d(m) = -14*m - 5. Let q be d(h). Let l = -29 + q. Calculate the remainder when 45 is divided by l.
5
Suppose 2*u = -2*u + 4. Let p(x) = -6 + 6 + u - 4*x - x**2. What is the remainder when 9 is divided by p(-3)?
1
Let z(x) = 5*x**2 + 3*x - 10. Calculate the remainder when z(-3) is divided by 14.
12
Suppose -217 = -3*z + 140. Let g(y) = 3*y - 12. What is the remainder when z is divided by g(8)?
11
Suppose -2*w - i = -404, 408 = 2*w - 2*i + 5*i. What is the remainder when w is divided by 34?
31
Suppose -15*s + 126 + 9 = 0. Calculate the remainder when 188 is divided by s.
8
Calculate the remainder when 131 is divided by (33 - (-12)/(-4)) + 4.
29
Suppose 4*j - 4*f - 460 = 0, 10*j = 6*j + 2*f + 456. Calculate the remainder when j is divided by 12.
5
Let r = 236 + -121. Let l = r - 33. Let a = 80 + -52. Calculate the remainder when l is divided by a.
26
Suppose 14*t - 15*t = 39. Calculate the remainder when 157 is divided by 5/10*2 - t.
37
Let w(z) = -z - 4. Let v be (40/(-4) + 3)*1. Let n be w(v). Suppose -s + 2 + n = 0. Calculate the remainder when s is divided by 2.
1
Let d(h) = 4*h - 4. Let t be d(4). Let u be 2/((-1)/t*-4). Suppose 2*c - 62 - u = 0. Calculate the remainder when c is divided by 19.
15
Let x(u) = 19*u**2 - 3*u - 2. Let c(r) = r**3 + 8*r**2 + 6*r - 8. Let n be c(-7). What is the remainder when 38 is divided by x(n)?
18
Suppose -263 = -7*l + 346. Calculate the remainder when l is divided by 64.
23
Let v(q) = 2*q + 14. Let s(a) = -a - 3. Let w be (-2)/(-3)*(-9)/2. Let i be s(w). Calculate the remainder when 26 is divided by v(i).
12
Let t = -2978 - -3097. Suppose -8 = -4*n, -4*j + 3*n = 2*n - 38. What is the remainder when t is divided by j?
9
Let l = 195 + -126. Suppose 5*b - 120 = -0*b. Calculate the remainder when l is divided by b.
21
Let i(n) = 14*n - 56. Calculate the remainder when 182 is divided by i(8).
14
Suppose 3*a = 4*f - 28 - 47, -4*a - 4 = 0. Calculate the remainder when 161 is divided by f.
17
Let q = 78 - 66. Calculate the remainder when ((-62)/4)/((-6)/q) is divided by 12.
7
Let m = 80 - 39. Suppose -2*i + 5*j = -0*i - 219, i - 126 = -3*j. Let c = -102 + i. What is the remainder when m is divided by c?
11
Let y(k) = -2*k + 8. Let w be y(9). Let q = -6 - w. Suppose -32 = -q*d + 16. Calculate the remainder when 45 is divided by d.
9
Let t = 460 - 370. What is the remainder when t is divided by 7?
6
Let g = 90 - 61. Let f(d) = -d**3 + 13*d**2 + d - 3. Calculate the remainder when g is divided by f(13).
9
Let o = -66 - -267. Suppose 2*s = -s + o. Let i = 30 + -16. What is the remainder when s is divided by i?
11
Let c(l) = l**2 + 22*l + 81. Calculate the remainder when 70 is divided by c(-18).
7
Suppose 8*q - 142 = -14. What is the remainder when 141 is divided by q?
13
What is the remainder when 59 is divided by (12*(-9)/24)/((-3)/10)?
14
Let d = 310 + -86. What is the remainder when d is divided by 25?
24
Let t(n) = 5*n**3 - 5*n**2 + n + 10. Let a(m) = -m**3 - m. Let z(h) = 6*a(h) + t(h). Calculate the remainder when 137 is divided by z(-5).
32
Let z(m) = 29 + 4*m - 5*m + 0*m. Suppose 5*b - 95 = -5*u, 4*b + 4 = u - 40. What is the remainder when z(-18) is divided by u?
23
Suppose 53 = 5*x - 4*n, 4*n + n = -3*x + 54. Suppose -32 = -15*j + x*j. Calculate the remainder when j is divided by 10.
6
Suppose 1 = -7*j - 20. Let o(w) = 8*w**3 - 2*w + 1. What is the remainder when o(1) is divided by 3 - 2 - j/1?
3
Let q = -150 - -171. Calculate the remainder when 60 is divided by q.
18
Suppose 0 = 4*j + 12. Let z be (6/j)/2*3. Let b(l) = -l**3 - 2*l**2 - l - 2. What is the remainder when 19 is divided by b(z)?
9
Let i(y) = 5*y**2 - 2*y + 2. Let s(u) = u**3 - 6*u**2 + u - 10. Let w be s(6). Let b be (-3 - w)*2 + -1. What is the remainder when i(b) is divided by 3?
2
Let c(d) = 9*d**2 + 4*d - 3. Let z be c(2). Suppose -3*h = 5*k - 8 + 1, -k = 5*h - z. What is the remainder when 53 is divided by h?
8
Let v = -249 - -324. What is the remainder when v is divided by 14?
5
Suppose -4*z = -2*y + 114, 0*y + z + 249 = 4*y. Suppose -y = -12*c + 789. Calculate the remainder when c is div